 = s - 41. Suppose -97 = -5*o - 3*y, v = 4*o - 2*y - 63 + 3. Calculate the highest common divisor of 17 and o.
17
Suppose -277 = -2*u + 3*i, 2*i - 94 = -u + 48. Calculate the highest common divisor of u and 50.
10
Let m = 167 + 33. Let i = -641 - -666. Calculate the highest common factor of i and m.
25
Suppose 0*y - 3 = -y. Suppose 5*q - y*t - 12 = -55, -3 = q + 5*t. Let k(d) = d**2 + 10*d + 20. Let x be k(q). Calculate the greatest common factor of x and 36.
4
Suppose 16*k + 3 = 51. Suppose k*o - 30 = o. Calculate the highest common divisor of 9 and o.
3
Suppose h - 3*h + 36 = 0. Suppose 3*v - 4*c - 68 + 18 = 0, 0 = -v - c + 26. Suppose v*q = 18*q + 8. Calculate the highest common factor of h and q.
2
Suppose -3*k + 2*a + 286 = -2*a, -3*k + 2*a = -278. Let r = k + -48. Calculate the highest common divisor of r and 63.
21
Suppose -6*s + 104 = -10*s. Let k = s + 42. Calculate the highest common factor of 32 and k.
16
Let p(x) = 8*x**2 + 9*x + 9. Let h be p(-4). Suppose -h = 3*g - 263. Calculate the greatest common divisor of 36 and g.
18
Let a be (-2 - 1*-11) + 2. Let n = -5 + a. Suppose z = 5*w + 4 + 42, 0 = -3*w + 12. What is the highest common factor of n and z?
6
Let a(z) = z**3 + 49 - 4*z - 49 + z**2. Let y be a(3). Let t = 30 - 24. Calculate the highest common factor of y and t.
6
Let b = 3 + 1. Suppose -b*x = 4*d - 8, -15 + 4 = -4*d - x. Suppose 4 - 16 = -d*z. Calculate the greatest common divisor of 10 and z.
2
Let n = -14 + 40. Suppose h + h - n = -2*f, 5*f = -h + 45. Calculate the greatest common divisor of f and 8.
8
Suppose -247 = -t + 3*g, 63 = 4*t - g - 881. Calculate the greatest common divisor of t and 94.
47
Suppose 2*k + 3*p = 36, 41*k - 40*k - 32 = -5*p. Calculate the highest common factor of 156 and k.
12
Let o be 10/(-15) + (-4)/(-6). Let b be (0 - -6) + o + -2. Suppose -b*j = v + 10, 2*v + 5*j = 3*v - 26. Calculate the highest common divisor of v and 6.
6
Let n be 2 + -4 + 59 + 1. What is the greatest common factor of n and 290?
58
Let j(p) = 7*p - p**2 + 3*p**2 - 4 + p. Suppose -2 = v - 4*m, 2*v + 0*m + 11 = m. Let b be j(v). Calculate the greatest common divisor of b and 40.
20
Let r(k) = -2*k**3 - 11*k**2 - 13*k + 26. Let o be r(-7). Calculate the highest common factor of o and 4.
4
Let o(u) = -4*u - 23. Let v be 0*(-3)/9 + -11. Let n be o(v). Calculate the highest common divisor of n and 14.
7
Suppose -3*v = -2*i + 2 - 13, -3*v + 13 = -i. Let g(b) = -b - 1. Let w be g(-7). Calculate the highest common factor of w and i.
2
Let n be 9729/4 - (-152)/(-608). Calculate the highest common factor of 38 and n.
38
Suppose -17*r + 22*r - 5*g - 90 = 0, 5*r - 54 = -4*g. Calculate the highest common divisor of r and 728.
14
Let x(a) = -a + 123. Let j be x(8). Calculate the highest common factor of j and 23.
23
Suppose 0 = -9*m + m + 952. Suppose -2*z + 6*z = 68. Calculate the highest common divisor of m and z.
17
Let n be 2 + (-42*(-16)/3 - 5). Calculate the greatest common factor of n and 52.
13
Let i = 583 - 582. Let b = 34 - 23. What is the greatest common factor of i and b?
1
Suppose 3 = g - 5. Let r = -27 - -37. Suppose 4*t = 8, 2*c + t - r = -3*t. What is the highest common factor of c and g?
1
Let k = -152 + 153. What is the greatest common divisor of 22 and k?
1
Let x(v) be the first derivative of v + 2 + 35/4*v**4 + 1/3*v**3 - 1/2*v**2. Let y be x(1). What is the greatest common factor of 9 and y?
9
Let a be (33/66)/((-2)/(-8)). Suppose a*t - 9*t = -441. Calculate the highest common divisor of t and 42.
21
Let w be 5/((-5)/6*(-9)/15). What is the highest common divisor of w and 15?
5
Let b be (-2525)/(-15) + (-1)/3. Let y = 151 + -130. Calculate the highest common divisor of b and y.
21
Let q = 36 - 25. Let p be (2/(-4))/((-2)/(-4))*-44. What is the highest common divisor of q and p?
11
Let d = -5 + 7. Suppose 3*l + 23 = -d*z + 69, 2*z = 5*l - 82. Calculate the highest common factor of l and 4.
4
Let r be 4/(-6) + 100/15. Let j be ((-63)/(-14))/(r/20). Let o(y) = y**2 - 8*y - 6. Let z be o(9). What is the greatest common factor of z and j?
3
Let g(j) = 16*j + 350. Let n be g(-10). Calculate the highest common factor of n and 130.
10
Let k be 37 - (6 - (-36)/(-6)). What is the highest common factor of k and 37?
37
Let j = -272 - -312. What is the highest common divisor of 160 and j?
40
Let u be (-35)/14*848/(-20). Calculate the greatest common divisor of u and 2226.
106
Let l be 41/(25/(-165) + (-2)/11). Let t = -75 - l. What is the greatest common factor of 6 and t?
6
Let n(w) = -w**3 + 14*w**2 - 5*w + 175. Let t be n(13). Calculate the highest common factor of 62 and t.
31
Let h be 3450/9 - (-12)/(-9). Let j = h + -232. Calculate the highest common divisor of 30 and j.
30
Let i = -153 - -157. What is the greatest common divisor of 44 and i?
4
Let x = 504 - 483. Calculate the highest common factor of 28 and x.
7
Suppose -3*t = -3*y + y - 208, t = -y + 76. What is the highest common divisor of 27 and t?
9
Let p(q) = -q**2 - 3*q + 11. Let o be 7*-1 - 21/(-7). Let w be p(o). Calculate the highest common divisor of w and 63.
7
Let b(k) = -k**2 + 3*k + 5. Let v be b(5). Let i(n) = -n + 8. Let w be i(v). Calculate the greatest common factor of w and 13.
13
Let z(a) = 2*a + 20. Let c be z(-4). Let j be ((-52)/12)/(-1*2/c). What is the greatest common divisor of 65 and j?
13
Suppose -4*i + 2203 = 2*g - 101, 0 = -i + g + 573. Calculate the highest common divisor of 23 and i.
23
Let w(h) = 4*h**3 + 10*h**2 + 2*h. Let s be w(-2). What is the highest common divisor of 6 and s?
2
Suppose -3*r - 3*a - 6 = 0, -4*r + 2*a = -14 - 2. Let y be (r - -31) + -5 + 4. Calculate the highest common divisor of y and 8.
8
Suppose 19*i - 13*i = 2304. What is the highest common divisor of i and 48?
48
Let v = -22 + 29. Let t = -3 + v. What is the greatest common divisor of t and 20?
4
Suppose 0 = 4*a - a + 30. Let o = -8 - a. Let l be 12 - o*(-9)/6. What is the greatest common factor of l and 5?
5
Let d(j) = -4*j**3 + 44*j**2 + 4*j - 26. Let y be d(11). What is the highest common divisor of 288 and y?
18
Suppose -4*y = -3*y + 4, -5*l + 120 = -5*y. Calculate the greatest common factor of 90 and l.
10
Let q(j) = 7*j + 220. Let p be q(-30). Calculate the highest common factor of p and 90.
10
Let b = -142 + 200. What is the greatest common factor of b and 145?
29
Let t be (-88)/(-6) + 4/12. Let d = t + -33. Let u = 1 - d. Calculate the highest common divisor of 95 and u.
19
Suppose 5*i - 2520 = 2*i. Suppose 21*h + i = 26*h. What is the highest common factor of 24 and h?
24
Let y be 196/8*600/210. What is the highest common divisor of y and 25?
5
Let z(a) = 65*a - 2. Let q be z(1). Let p = -56 + q. What is the greatest common factor of 49 and p?
7
Let j be 2 + 84/7 + -2. Calculate the greatest common factor of j and 9.
3
Let x = 185 - -195. What is the highest common divisor of 285 and x?
95
Let x = -188 - -210. What is the highest common divisor of 704 and x?
22
Let h = -351 - -357. What is the highest common factor of 14 and h?
2
Suppose o + 3*u = 105, 0 = -0*u - 2*u - 6. Calculate the highest common divisor of o and 6.
6
Suppose 3*w - 111 = -9. What is the greatest common divisor of w and 306?
34
Let q be 850/18 - 10/45. Suppose 0*a + 2*a + q = 3*u, a - 4*u = -11. Let m = 53 + a. Calculate the highest common divisor of 88 and m.
22
Let v(z) = -z**3 + 5*z**2 - 5*z + 6. Let n be v(4). Let w = n + 16. Calculate the highest common factor of 12 and w.
6
Let m be ((-12)/7)/((-1)/7). Suppose 2*j + 2*j - m = 0. Suppose -31 = -3*d + 5*p, -5*p - 38 = -j*d - 7*p. Calculate the greatest common divisor of 8 and d.
4
Let q be ((-22)/3)/((-42)/189). Suppose q = 3*b - 2*c - 11, -2*b - 3*c = -25. Calculate the greatest common factor of 35 and b.
7
Suppose 3*k - 600 = -5*k. Let z = k - 65. Calculate the greatest common divisor of z and 80.
10
Suppose -2*i + 8 = x, 12 = -4*i + 5*x - 0*x. Let n(g) = g**3 + 3*g - 2. Let f be n(i). Suppose 17 = 5*b + f. Calculate the greatest common factor of b and 5.
1
Let j(l) = 9*l - 76. Let u be j(14). What is the greatest common factor of u and 20?
10
Suppose r = 5*q + 35, 2*r + 5*q = -0*r + 145. What is the greatest common factor of r and 15?
15
Suppose 95 = 5*y - 5*r, -2*y - r + 61 = y. Let m = -147 - -167. What is the greatest co